d v.
65
Let r = -1986 + 2524. What is the greatest common factor of r and 4?
2
Let i be (-1*1 - 2) + 88 + 425. Suppose -3*a - i + 558 = 0. Let p = 9 - -23. Calculate the highest common divisor of p and a.
16
Let m(s) = 39*s**3 + 2*s**2 - s. Let k(j) = -j**2 - 20*j - 35. Let f be k(-18). Let i be m(f). Let g = 22 + -12. What is the highest common divisor of g and i?
10
Suppose 3*u = -2*a + 14 + 22, 4*u - 64 = -4*a. Calculate the greatest common divisor of 1506 and a.
6
Suppose 8*w = 3*w + 235. Suppose 3*c - 37 - w = 0. What is the greatest common factor of 28 and c?
28
Suppose 693*n - 662*n - 279 = 0. Suppose 5*s - 829 - 701 = 0. Calculate the highest common divisor of n and s.
9
Suppose 0 = 34*w - 20*w + 9772. Let s = 753 + w. Calculate the greatest common divisor of 55 and s.
55
Let p = -1572 + 2076. Calculate the highest common divisor of 936 and p.
72
Let r be ((-813)/542)/(6/(-27824)). Calculate the highest common divisor of r and 148.
148
Let u(o) = 61*o + 5401. Let r be u(-40). What is the greatest common divisor of r and 126?
63
Suppose -77*g - 5*x = -81*g + 3190, -g = -2*x - 796. Calculate the greatest common factor of 120 and g.
40
Let f(p) = -p**3 + 15*p**2 + 14*p - 14. Let t be ((-24)/20)/(3/(-35)). Let n be f(t). What is the greatest common divisor of 18 and n?
18
Let h(r) = -230*r. Let z be h(-1). Let c = z - 162. Suppose 4*s - 383 = -5*y, 2*s + 2*y = -2*y + 184. Calculate the greatest common divisor of s and c.
34
Suppose -20*m + 5*m + 350 = 125. What is the highest common factor of m and 810?
15
Let n = 41 - 65. Let z = n + 28. Suppose 4*p = -z*b, -2*b + b = -p - 6. Calculate the highest common divisor of 30 and b.
3
Let h(a) = -9*a + 1215. Let g be h(96). What is the greatest common factor of g and 783?
27
Let v be (-17)/119 + (3030/(-14))/(-3). Let i be 6/(-33) + (-113816)/(-902). Calculate the greatest common factor of v and i.
18
Suppose 1832 = -123*a + 127*a - 2*v, 1844 = 4*a + 4*v. Let l = -59 + 76. Calculate the greatest common divisor of a and l.
17
Let c be (-24)/9 - -2 - (-104)/3. Let x = 31 + c. Suppose -43*k - 156 = -47*k. Calculate the highest common factor of x and k.
13
Let h be 1 - (-13)/(-52)*-12. What is the highest common factor of h and 78?
2
Let p(t) = t**2 - 3*t - 6. Let n be p(-4). Let m(u) = -u**2 - 32*u + 17. Let s be m(-32). Suppose s*w - 4 = 15*w. What is the highest common factor of w and n?
2
Let s(w) = w**3 + 41*w**2 + 72*w + 219. Let j be s(-36). What is the highest common factor of 111 and j?
111
Let j(s) = s**2 - 87*s + 848. Let x be j(76). What is the greatest common factor of x and 11964?
12
Suppose 8*i - 25 = 31. Let h(g) = g**3 + g**2 + g + 480. Let v be h(0). Suppose i*o = o + v. Calculate the greatest common divisor of o and 10.
10
Suppose 5*m - 1999 = 5*k - 779, -3*k = -12. Suppose 2*z - m = -6*z. Suppose -3*f = -o - z - 38, 0 = f - o - 21. What is the greatest common divisor of f and 3?
3
Suppose 33*l - 36*l = -81. Let q(k) = -2*k**2 - 13*k + 11. Let c be q(-6). Suppose -10 = -3*m + c. Calculate the greatest common divisor of m and l.
9
Let f = -128 + 128. Suppose -12*v + 14*v + 3*l - 120 = f, -3*v + 180 = -2*l. Calculate the greatest common divisor of v and 45.
15
Let k = -3433 - -3478. What is the highest common divisor of 1485 and k?
45
Let j = 83 - 77. Suppose -p = 0, -4*n + j*n + p = 754. What is the highest common divisor of n and 29?
29
Let p(b) = 4*b**2 + 3*b + 16. Let r be p(4). What is the highest common factor of r and 20?
4
Let q = -62332 - -62362. Let u(z) = -z**3 - 8*z**2 - 7*z + 10. Let w be u(-11). Calculate the greatest common divisor of w and q.
30
Let o = 114 + -105. Suppose -o*r + 564 = -1281. Calculate the highest common factor of r and 41.
41
Let v = 1888 - 1885. What is the highest common factor of 501 and v?
3
Suppose -t = -115*c + 119*c - 1878, 0 = -3*t + 18. What is the highest common factor of c and 572?
52
Let g(u) = -35*u - 169. Let h be g(-16). Let i = 614 - 545. What is the greatest common divisor of i and h?
23
Suppose -13*d = 2216 - 2398. Calculate the highest common divisor of d and 7994.
14
Suppose 2*m - 4*m - 192 = -5*r, -4*r + 2*m = -152. Suppose 0 = -167*v + 170*v. Suppose v = 3*t + 393 - 693. Calculate the highest common factor of t and r.
20
Let i be 567/51 - (-4)/(-34). Let d = -1873 - -2808. Suppose 4*t - d = -t. Calculate the greatest common divisor of i and t.
11
Let k = 12237 - 12091. What is the greatest common factor of 1898 and k?
146
Suppose 5280 = -4*f + 30*f + 6*f. What is the greatest common factor of f and 4257?
33
Let b be 9456/27 + -9 + 4 + 14/(-63). What is the highest common divisor of 23 and b?
23
Suppose 281*n = 1209*n - 9126 - 44698. Suppose -5*y + 2*h + 286 = -0*h, 2*h - 178 = -3*y. What is the highest common factor of n and y?
58
Let j be -2 + 60 - (-392)/(-28). Calculate the highest common divisor of 352 and j.
44
Suppose 195 = -1114*p + 1117*p. Suppose -56 = -p*c + 63*c. Suppose 3*t - 210 = -2*t. Calculate the greatest common factor of c and t.
14
Let p be (2 - (-98)/(-4))/(1/(-6)). Let i be -1 + -2 + 32/4. Let c be i*((-216)/(-20) - 0). Calculate the highest common divisor of c and p.
27
Let k(d) = -14*d - 238. Let w be k(-19). Let l = 34 + -21. Suppose -15 = -g + l. Calculate the highest common divisor of w and g.
28
Let q(u) be the third derivative of u**5/20 + u**4/24 + 5*u**3/2 + 15*u**2 + u. Let w be q(3). What is the greatest common factor of 30 and w?
15
Let x(n) = -141*n - 502. Let k be x(-4). What is the greatest common divisor of k and 1953?
31
Suppose 5*q - o = -38 + 69, -q - 19 = 4*o. What is the greatest common factor of 4050 and q?
5
Let h be (8/(-1))/((-16)/8). Suppose h*r = -5*v + 56 + 117, -r - v = -43. What is the highest common divisor of r and 189?
21
Suppose -84*o + 4*h = -86*o + 504, 963 = 4*o - h. Suppose 0 = -3*f + v + 563, 0 = f - 2*v - o + 56. What is the greatest common factor of f and 423?
47
Let l(b) = -11*b + 7. Let m be l(-5). Let a = 67 - m. Let u be (-50)/8*(-6 + 2). Calculate the highest common divisor of a and u.
5
Let k(d) = d**2 + d + 8. Let v(p) = p**3 + 20*p**2 - p - 23. Let s be v(-20). Let i be k(s). What is the greatest common divisor of i and 406?
14
Let o be (-4)/6 - (-168)/36. Suppose 57 - 193 = -o*k. Suppose 223 = -2*c + 461. Calculate the highest common factor of c and k.
17
Let v be 9/(-6) - 182/(-4). Let g be 56/1 - (-60)/(-15). Let z be ((-117)/g)/((-3)/44). Calculate the greatest common divisor of z and v.
11
Suppose 0 = 2*m - 1 + 13. Let u(g) = g**2 + 9*g + 20. Let t be u(m). Suppose 0 = t*k + 3*k - 180. What is the highest common divisor of 9 and k?
9
Let s(j) = -j**2 - 39*j + 16. Let p(h) = -2*h**2 - 122*h + 47. Let y(i) = 2*p(i) - 7*s(i). Let k be y(-11). Calculate the greatest common factor of 91 and k.
13
Let b(h) = -3*h - 5 - h**2 - 3*h - 3*h. Let x = 1440 + -1448. Let z be b(x). What is the greatest common divisor of 21 and z?
3
Suppose 4*l - 425 + 117 = 0. Let q(z) = -z**2 - 10*z - 10. Suppose -22 = 4*u + 6. Let a be q(u). What is the greatest common divisor of l and a?
11
Let f = 67 - 23. Suppose -240 = -49*m + f*m. Suppose 7*r + r = m. What is the highest common factor of 12 and r?
6
Let l(r) = 11*r - 36. Suppose 4*k = 3*h - 38, 0 = 14*h - 16*h - 2*k + 2. Let x be l(h). Calculate the highest common divisor of 105 and x.
15
Suppose -w - 1 = -2. Let x(k) = 31*k**3 + k**2 - 2*k + 1. Let a be x(w). Let c be -4 + 0 - -33*2. What is the highest common divisor of a and c?
31
Suppose 3*b - 2*d = 12077, 0 = -3*b + 4*d + 7772 + 4307. Calculate the highest common factor of 920 and b.
115
Let b = -568 + 1394. Suppose 0*i - 1 = i, i = 5*q - b. What is the highest common divisor of q and 33?
33
Suppose -12*q = q - 3*q. Suppose q = -13*y + 97 + 202. What is the greatest common divisor of 529 and y?
23
Let n(w) = w**2 - 9*w - 50. Let h be n(-6). Let k = -63 + 33. Let f be ((-8)/12)/(1/k). Calculate the greatest common divisor of f and h.
20
Suppose -2 = -2*h, y - h = -2*h + 3. Suppose -y*w + 2 = k, -4*k + k + 17 = -5*w. What is the greatest common divisor of 2 and k?
2
Let i(m) = 8*m**3 - 2*m**2 + 1. Let b be i(1). Suppose -2*x + b*x = 105. Suppose 3397 = 36*o - 8*o + 1045. What is the highest common divisor of o and x?
21
Suppose -q - 29 = -3*i - 2*q, -14 = -3*i + 2*q. Supp